 -28) - 3.
33
Calculate (15 - 23) + -19 + 69.
42
What is (-16 - -8 - -12 - 12 - -9 - 12) + 10?
-1
Calculate (12 - -15) + 35 + -56 + 50.
56
Evaluate -5 - 9 - 22 - (-20 - 0).
-16
Calculate (-7 - 1) + 0 + (-36 - 179 - -144).
-79
Calculate (48 - -65 - 36) + -2 + 9 + -1 + 0.
83
What is (120072 - 120072) + 1 + 13 + 0 + -1 + 0?
13
-2 + (65 - 30) + -40 - (1 - (-2 - -20))
10
What is (-15 - -1 - (-177 + 113 + 123)) + -4 + 0?
-77
-12 + 4 + -3 + (-148 - -144) - 27
-42
Evaluate 73 - ((-2 - 11) + 11 - 4).
79
Evaluate (-28 + 7 + 41 - 29) + (-86 - 1 - -2).
-94
Evaluate (917 - 1008) + (91 - -7).
7
Calculate (29 + -29 - (-4 - -1)) + 11 + -51.
-37
Evaluate 19 + (-4 + 1 + -68 - (713 - 730)).
-35
8 + (-32 - 99) + -10
-133
(9 + -8 + -1 - 6) + 36 + 14
44
Calculate (-66 - -5) + 3 + -1 + (9 - 3 - 5).
-58
Evaluate -5 + (13 - 17) - (4 + -10 + -9).
6
-49 - (-23 - (32 - -26))
32
What is (44 + 21 - 67) + 70?
68
What is the value of 15 - -4 - -4 - 3 - -24?
44
Evaluate 55 + (-196 - (-186 + 61)).
-16
(-50 - (-58 - -104)) + 56
-40
-15 + (5 - (9 - 67)) - (8 - -4)
36
Calculate 10 + (-36 - -34) + (-18 - -3) - -79.
72
Evaluate -9 + (-4 - 33) + -5 + 5 + 12.
-34
Evaluate 11 - (62 - 23 - 51).
23
Evaluate -30 + 13 + 7 - (-12 - (-37 - 5)).
-40
What is -614 + 526 + (0 - -142)?
54
Evaluate -97 + -22 + 77 + 36.
-6
Evaluate -21 + (14 - (-14 - 9) - 18).
-2
Calculate 9 - (3 + -4 + -5 + -19).
34
Calculate (-25 + 32 - -34) + 2.
43
Calculate 44 - (-2 + 11 + 7 + -13 + 9).
32
-10 - (40 + -7 + -13)
-30
Evaluate (0 - 6 - (-24 - -5) - 14) + -13.
-14
Calculate -5 + (816 + -803 + (-1 - 1 - 1) - 95).
-90
-7 + 1 + 7 + -25 + (31 - 11)
-4
10 - (-3 + -1 + 13 + -1 + (-661 - -690))
-27
Evaluate (-2 - 81) + 494 + -455.
-44
What is 71 - (198 - 100 - 95)?
68
What is the value of (-2 + 13 + 13 - 12) + -9 + 10?
13
Calculate 24 + (-65 - -15) + 29 + (-18 - -6).
-9
Calculate (-22 - 1) + (-8 + 25 - 21 - (-5 + -2)).
-20
(4 - 9 - 4) + -443 + 429
-23
(-6 - -3) + (3 - -2) + 4 - (53 + -73)
26
(-27 - 83) + 36 + -1 - 30
-105
-143 + 4 - -79 - -47
-13
What is (28 - (4 - -7)) + -109 + 55?
-37
What is the value of 28 + (-11 - 1) + (-1 - 17)?
-2
Calculate -15 + (15 - 2 - -13) + -5.
6
What is the value of 30 - (570 + -573 + 1 + 13)?
19
Calculate -129 - -1 - ((33 - -39 - 54) + -40).
-106
(-131 - -94) + 11 + -3 + (-14 - (1 + -12))
-32
What is the value of -446 - -418 - (-49 + 2)?
19
Calculate 5 + -19 + 13 + -54 + 4 + -3 + 2.
-52
What is 48 - (4 - 0) - (-128 + 40 - -100)?
32
What is (1 - -74) + (19 - (-12 + 44)) + (2 - 2)?
62
Evaluate -29 + 13 + 12 - (-47 - (-7 + 11)).
47
What is the value of -76 - (73 - 31 - 61)?
-57
4 + 15 + -107 + 84 + 0 + 12 + -1
7
What is 68 - 112 - -53 - -35?
44
Evaluate 17 + -34 + (-111 - -105).
-23
Evaluate -3 - (59 + -168 + 39 + (1 - -5)).
61
What is the value of -1 - -1 - -1 - 29 - (-158872 - -158851)?
-7
What is the value of 0 - (-3 + (-6 - -7 - ((-1 - 9) + -59)))?
-67
What is the value of 114 - 121 - 33 - (5 + 2)?
-47
Calculate (125 - 6) + (9 - (-10 + 9 + 7 - 11)).
133
What is -10 + (-1 + 18 - 7) - (4 - (-84 + -2))?
-90
Calculate 58 + 18 + (10 - 17 - -8) + -29.
48
(2 - 11 - (-31 - -50)) + 46
18
(120 - (-59 - -104)) + 10
85
What is 13 + (8 - (-30 + 11) - 15) + -68?
-43
Evaluate (-1 - -14) + 0 + 3 + -12 - 3.
1
What is -52 + (-49 - -48) - -54?
1
Evaluate 52 + -14 + (114 - 40) + (-2 - (1 - 1)).
110
What is 31 - (11 + -5) - (26 + -55)?
54
Calculate 17 - (-5 + 24) - (-8 + 6 - -12).
-12
Calculate 36 + (81 + -65 - (117 + -11)).
-54
What is the value of 8 + -2 + 38 + 7 + 6 + -7 + -6?
44
What is (-8 + 23 + (1 - 3) - 7) + 44 + 43?
93
Evaluate (35 - (59 - 20)) + (11 - 1).
6
-4 + 53 + 4 + (1 + 16 - 3)
67
Calculate -5 + 5 + -9 + 58 + -91.
-42
What is the value of 37 - (16 + -19 - (-11 + (-5 - -6)) - -2)?
28
What is the value of (15 - (7 + -25 + 6 - -11)) + 1?
17
(24 - -39 - 24) + -60
-21
What is the value of 9 + (41 - -13) - 74?
-11
Calculate -16 - (34 + 83 + -129).
-4
Calculate (62 - 0) + (-144 - -143).
61
-9 + 1 + (-3 - -28) + 13
30
-144 - -6 - -87 - (-2 + 47)
-96
Evaluate (42 - (68 + -34 - 2)) + -125.
-115
(1 - 26) + (-61 - -107) + 54
75
-4 + -62 + 59 + (-4 - (-3 - 1)) + -37
-44
What is -785 + 918 + (-198 - 1)?
-66
What is the value of (30 - 4) + -12 + -23 - (10 + 3)?
-22
What is the value of 136 + (-27 + 42 - (-1 - -32) - 5)?
115
-423 + 370 + (24 - -80)
51
Calculate -823 + 900 - (39 - -1).
37
0 + 5 + (109 - 169) + 68
13
What is -1 - -21 - (1340 + -1289)?
-31
What is the value of (3 - 2) + 155 + -153 + (-15 - 1)?
-13
What is the value of 1 + -30 - (-39 + 5 - -23) - (1 - 4)?
-15
Calculate -18868 + 18767 + (0 - 7).
-108
What is the value of (-13 - -21) + 13 + 11 + -1 + 5 + -38?
-2
Calculate (3 - (-74 - -55 - (-20 - 0))) + 1 + 1.
4
What is the value of -13 + 11 + -4 - (0 - 9) - (15 - 10)?
-2
(-26 + 3 - -4) + (-354 - -364) - -6
-3
(169 - 2) + (719 - 765)
121
What is -114 + 30 - (-169 - -84)?
1
What is -15 + -3 + 0 - (14 + -5)?
-27
What is the value of (1 - 2) + (-61 - -111) + -54?
-5
(1 - -2) + -7 + 4 - 5 - (-12814 + 12746)
63
What is the value of (1 + -25 - (-77 + 92)) + (8 - 9)?
-40
What is the value of -1 + 50 + 221 + -207 - 11 - (-3 + 0)?
55
7 + (-81 - 11) - -110
25
Calculate (-6 - 2) + (-236 - -224) + 40.
20
Calculate 62 + (-35 - (14 - 19)).
32
Evaluate (-28 - 0) + -408 + 272 + 148.
-16
What is the value of 110 - (-28 + (-43 - -111))?
70
Evaluate 4 + -11 - (-1 + 2 + (10 - 14 - -4)).
-8
Evaluate -43 - -16 - -44 - (21 + -35).
31
Calculate (-56 - -115) + -95 + -1.
-37
16 + (26 - 12) + -17
13
Evaluate 85 + (-94 - (-35 + -39)).
65
101 + -28 - (1 + 1 - (-10 - -1))
62
What is -2 + (-20 - -7) + 6 + -1 + -260 + 316?
46
-116 + (3 - 0 - (146 - 153) - 0) + -2
-108
Evaluate 9 - -1 - (-51 - (-97 - -43)).
7
(2 - 2) + -15 + 26 + (38 - -85) + -42
92
What is the value of (-9 + 47 - -17) + -94?
-39
What is the value of 1 - (-9 - (-47 + -44))?
-81
-68 - (30 + (114 - 201))
-11
Evaluate -7 - (-106 - -114 - (26 - 1)) - (-5 + -4).
19
-2 - (8 - -3) - (-499 + 475) - 106
-95
What is the value of (-14 - (-3 - 5 - 13) - -98 - -1) + -4?
102
(-2 + 5 - 6) + 0 - (-41 - 1)
39
Calculate (-14 - 81 - -107) + 10 + 0.
22
-38 - (-61 + -23) - (5 + -2 + -6)
49
What is -62 - (8 + (17 - -4) + -11) - (2 - -1)?
-83
Evaluate (-3 - (-18 - -6)) + (-18 - (-19 + 12) - -8).
6
Evaluate (-3 + 0 - -8 - 6) + (12 - 51) - 2.
-42
What is 50 + 0 + -28 + -5?
17
-37 + 69 + (-67 - -38)
3
Evaluate 3 + (-10 - (-9 + (-14 - -8))) + -1 + -14.
-7
What is the value of 115 - (32 + -62 + 217)?
-72
Calculate 17 + (-445 - -406 - (2 - 40)).
16
Evaluate -5 - (-4 + -3 + 4 + 2 + 11).
-15
Calculate -84 - -94 - -12 - (20 - 3).
5
(-14 - (-10 - 11 - -16)) + -55 + 0 - -2
-62
What is the value of 18 + 2 + -47 + -41 + 12 + 30?
-26
What is the value of 15 + (-16 - 9) + 42 + 9?
41
-17 + 22 + 21 + 5 + -17
14
What is -73 + (-8 + 35 - (209 + -173))?
-82
What is (27 - (40 + -21)) + -1 + 0 + -9?
-2
What is the value of 10 + 0 - ((-24 - (-31 + -16 + 47)) + 40)?
-6
Evaluate 34 + -1 - (-6 - 6) - 9.
36
What is the value of 4 + (23 + -11 - (58 - (-5 - (5 + -19))))?
-33
Calculate 1360 - 1348 - (-32 - (-4 - -2 - 0)).
42
Calculate 29 + (-14 - -22) + 32 + (1 - 5).
65
What is the value of (-13 - -9 - -6) + -14 + 20 + 14?
22
What is -97 + (0 - 19) + ((29 - 17) + -6 - -3)?
-107
What is the value of 25 + (38 + -10 - -12) - (9 - 3)?
59
Evaluate 35 + 3 + 2 + (-3 + 19 - 6).
50
Evaluate -183 + 57 + 68 - -59.
1
Calculate 1 + 2 - (35 - (-63 - 32)).
-127
Evaluate 17 + -5 + -34 + 25.
3
Evaluate -36 - (-14 + 12 - -9).
-43
What is 2 - (-9 + 4 + (-14 - (-15 - 1))) - 39?
-34
Evaluate -13 + 1 - (13 + -3 + -69 - 31).
78
Calculate 52 + ((1 - -12) + -24 + 3 - 0).
44
Calculate 451 + -498 + 1 + 29.
-17
Evaluate -70 + 11 + 45 - (-35 - 2).
23
What is the value of -50 + 24 + 18 + (-3 - (-26 - -4))?
11
What is -66 - (-52 + (-39 - -34))?
-9
What is 39 - (3 + 42) - ((1 - 1) + 9)?
-15
What is -41 - 24 - -34 - 12?
-43
Calculate 1 - -1 - (-71 + (33 - -97)).
-57
Calculate -8 + 4 + -26 + (18 - -3 - (25 + -13)).
-21
Calculate 22 + 0 - (153 - (28 - -28)).
-75
What is 76 + (-56 - -34) + (-3 - -13) + -16?
48
Calculate -75 + 75 - (2 - -6 - (0 + -3)).
-11
Calculate (80 - 44) + (-1 - 16).
19
What is the value of -35 + 7 + (8 - 14) + 22?
-12
What is (-1 - 14) + (27 + -73 - -48) + (5 - 6)?
-14
Evaluate -16 + -14 - (-24 + 46).
-52
What is the value o